g be (-5)/(10/(-6)) + 40. Suppose 0*b = 5*b + 3*o - g, -4*b - 2*o = -34. What are the prime factors of b?
2
Suppose l = -2*f - 0 - 8, -f = -3*l - 3. Let u be f/6*(3 + 31). Let n = -9 - u. List the prime factors of n.
2
Suppose 3*i - d - 11 = 0, -4*i + 5*d = -0*i. What are the prime factors of i?
5
Suppose -52 = -3*z + z. Let i = z + -5. List the prime factors of i.
3, 7
Let d = 56 + -23. Suppose 3*m = -s, d = 2*s + m - 6*m. What are the prime factors of s?
3
Suppose 155 + 189 = 4*f. What are the prime factors of f?
2, 43
Suppose 4*t + t = 30. Suppose -4*r = -t*r + 48. What are the prime factors of r?
2, 3
Let r(z) = z**3 + 10 - 3*z**2 + 6*z + 0*z**3 + 11*z**2. What are the prime factors of r(-7)?
17
Suppose -924 = -5*w + 86. List the prime factors of w.
2, 101
Let u be 4/(-6)*18/(-4). Suppose -3*q - 2*q = 3*k - 29, 11 = u*q + 5*k. Let i = q + 1. List the prime factors of i.
2
Let f = 11 - 8. Suppose -5*r + f*n - 4*n + 53 = 0, -17 = -2*r + n. What are the prime factors of r?
2, 5
Let u(h) = -3*h + 5. Let p be u(2). List the prime factors of p/3 - (-122)/6.
2, 5
Let c(d) = -d + 6. Let y = -4 - -9. Let q be c(y). List the prime factors of (8 - q) + 7 + -5.
3
Let x = 464 - 272. What are the prime factors of x?
2, 3
Let a = -4 + 6. What are the prime factors of 1*20 - (2 - a)?
2, 5
Suppose 2*l = -n + 17 + 4, 3*n - 5*l - 19 = 0. What are the prime factors of n?
13
Let x(l) = 3*l**2 + 2*l + 2. List the prime factors of x(5).
3, 29
Let s(l) = l**3 + 6*l**2 - 11*l + 4. Let c be s(-8). What are the prime factors of ((-7)/21)/(2/c)?
2, 3
Let s(w) = -w**2 + 15. Let k be s(0). Suppose 7 = 2*r + 3*i - 4*i, -2*r + 4*i = -10. Suppose -r*a = 2*a - k. List the prime factors of a.
3
Let a = 6 + 0. Let h(g) = g**3 - 5*g**2 - 7*g + 8. What are the prime factors of h(a)?
2
Let n be (-3)/18 - (-181)/6. Suppose 2*k = -3*k + n. What are the prime factors of (-20)/(-6) + (-2)/k?
3
Suppose -4*r + r - 2*p = -7, 4*p = r - 21. Let u = 21 - r. What are the prime factors of u?
2
Let x(w) = w**2 - 8*w - 6. Let r(n) = n**2 - 7*n - 6. Let a(y) = 5*r(y) - 4*x(y). Suppose -v = -4*v + 18. What are the prime factors of a(v)?
2, 3
List the prime factors of (-5)/(-5)*(115 + -2).
113
Suppose r - 4*l - 42 = l, 5*l - 5 = 0. What are the prime factors of r?
47
Let u = -13 + 76. What are the prime factors of u?
3, 7
Suppose i + 322 = -3*w + 3*i, 0 = 3*i + 3. What are the prime factors of ((-6)/(-4))/((-9)/w)?
2, 3
Let j = 316 + -181. What are the prime factors of j?
3, 5
Suppose -a + 291 = 2*a. Let w = a - 52. List the prime factors of w.
3, 5
Let n(w) be the first derivative of -w**3/3 - w**2/2 + 35*w - 5. List the prime factors of n(0).
5, 7
Let d(n) = -n**2 - 3*n + 1. Let h be d(-3). Let v = 1 + h. Suppose -9*s + 5*s = -3*g + 6, -g + v*s = 0. List the prime factors of g.
2, 3
Let a(x) = 3*x - 6. List the prime factors of a(7).
3, 5
Let q(a) = -a**3 - 13*a**2 - 11*a + 13. Let z = 12 - 24. Let o be q(z). What are the prime factors of (-40)/(-12) - o/3?
3
Let q(b) be the first derivative of b**4/4 + 4*b**3/3 - 3*b**2 + b - 1. List the prime factors of q(-5).
2, 3
Let o = -17 + 8. Let y be (-130)/(-18) - (-2)/o. Let u(n) = 2*n - 1. List the prime factors of u(y).
13
Let m be (-6)/21 + (-88)/(-14). Let x(w) = w + w - m + 2. List the prime factors of x(3).
2
Suppose 0 = -3*g - 0*g - p + 12, -2*g + 4*p + 22 = 0. Suppose -5*w + 2 + 41 = 4*j, 0 = 3*j - g*w - 41. List the prime factors of j.
2, 3
Suppose 2*v = 4*v - 8. Suppose 0*p - 60 = -v*p. What are the prime factors of 24/p*10/4?
2
Let u(g) = -g + 7. Let m be u(-5). Suppose 2*k - 12 - m = 0. List the prime factors of k.
2, 3
Suppose -4*o + 143 + 53 = 0. What are the prime factors of o?
7
List the prime factors of 3/2*-678*(-10)/45.
2, 113
Let w be 4/(-10) - (-184)/10. List the prime factors of (w/2)/(-3) - -6.
3
Let n = 12 - 8. Let v be 1/2 + (-18)/n. What are the prime factors of (-11)/v + (-3)/(-12)?
3
Suppose 53 = 2*n - 19. List the prime factors of n.
2, 3
Let b be (-2)/5 - 88/(-20). List the prime factors of ((-18)/8)/((-1)/b).
3
Let s be (0 - 1 - 0)*-21. Suppose -4*q = -7*q + s. What are the prime factors of q?
7
Suppose 5*y = q + 18, 4*y - 14 = -3*q + 4*q. Let g(u) = 11*u**2 - u - 2. What are the prime factors of g(q)?
2, 5
Suppose -3*x = 5*c - 398, 5*x - 651 = 3*c + c. List the prime factors of x.
131
Let j(v) = -9*v - 25*v - 21*v + 15*v. Let n be j(-1). Let b = 61 - n. What are the prime factors of b?
3, 7
Suppose 5*o + 129 = 3*w, -3*o + 2*o + 73 = 2*w. What are the prime factors of w?
2, 19
Suppose 0 = -3*u + 5*i + 19, -u - 3*i - 21 = -6*u. Suppose -33 = -2*b + 5*k, 0 = u*b - 2*k - 0*k - 66. What are the prime factors of b?
2, 3
Suppose 0 = 2*o + 3 + 5. List the prime factors of o*((-100)/16 + -1).
29
Let n be ((-46)/4)/((-1)/2). Let z(w) = -3*w + 79. Let c be z(26). Let b = c + n. List the prime factors of b.
2, 3
List the prime factors of (8/20)/(1/20).
2
Suppose 90 = -2*h - 3*h. Let m = 50 + h. List the prime factors of m.
2
Let m be (-1)/(-3) - 124/12. Let t = 14 + m. List the prime factors of t.
2
Let z be 1106/8 + (-1)/4. Suppose 3*w - w - 140 = -5*b, 4*b - z = -2*w. Suppose 0*r = 5*r - w. What are the prime factors of r?
13
Suppose 4*o + h = 2*o + 123, 2*h - 60 = -o. Suppose 3*y + x - o = 0, 4*y + 2*x = 6*x + 72. List the prime factors of y.
2, 5
Let i be (3/2)/(1/(-8)). List the prime factors of (8/i)/((-2)/48).
2
Let y be (-1*5)/(1 + -2). Suppose -2*s + y = -7. List the prime factors of s.
2, 3
Let o(h) = 3*h + 3. Let g = -12 + 18. Suppose g*l + 3 = 7*l. What are the prime factors of o(l)?
2, 3
Suppose 0 = 7*i - 6*i - 142. What are the prime factors of i?
2, 71
Let j(h) = -h**2 + h. Let l be j(3). Let t = l + 10. Suppose -t*m + 2*m = -22. What are the prime factors of m?
11
Suppose 0 = 2*p - p - z - 2, 5*z = 4*p - 7. Suppose 0 = p*i - 4 - 14. List the prime factors of i.
2, 3
What are the prime factors of 190/6 - (-6)/(-9)?
31
Suppose 5*n - 4*n + 3*a = 21, 3*n = -a + 23. Let m(j) = j**2 - 6*j + 2. Let y be m(n). Suppose -7 - y = -3*p. List the prime factors of p.
3
Let h = -516 - -817. What are the prime factors of h?
7, 43
Let o = 243 - 3. What are the prime factors of o?
2, 3, 5
Suppose 0 = 5*i + 17 + 8, 4*x - 63 = 3*i. Suppose 2*k = -k + x. Suppose -k*l + 14 = 2. List the prime factors of l.
3
Let a(o) = -15*o - 10. Let n be a(5). Let u = -36 - n. List the prime factors of u.
7
Suppose 5*o - 8 = 2*p + 17, -14 = -3*o + p. Suppose 3 - 9 = -o*k. List the prime factors of -1*2*(-15)/k.
3, 5
Let g(x) = x**3 - 5*x**2 - 4*x - 1. Let l be g(7). Suppose -u - n + 5 = -19, -2*n = 3*u - l. What are the prime factors of u?
3, 7
Let q = 8 + -5. Suppose -m + 3*x + q + 0 = 0, m + 5*x - 3 = 0. Let k = 7 - m. List the prime factors of k.
2
Let t(h) = h**2 - 6*h + 3. Let n be t(5). Suppose 2 - 17 = -5*p, 4*y - 1 = -3*p. What are the prime factors of 22/y*(1 + n)?
11
Let a(r) = 40*r**3 + r**2 + 2*r - 2. Suppose -13 = -4*o - 9. What are the prime factors of a(o)?
41
Suppose 0 = 2*w + 4, 0 = -f - 3*w - w - 4. Let v = f + 1. List the prime factors of v.
5
Suppose 0 = u + 3*u. Suppose u = 2*y - 6 + 34. What are the prime factors of y/(-8) + 2/8?
2
Let d be -14*3/((-3)/2). Suppose 5*k = o + 6, -3*o = 4*k + 2*o - d. Suppose k*v = 5*j, -2*v - v + 19 = 2*j. List the prime factors of v.
5
Let y(o) = o**3 + 10*o**2 + 10*o + 5. Let k be y(-9). Let m = k - -9. What are the prime factors of m?
5
Let p = -4 - -9. Suppose -r + 5*o = 15, -p*o - 20 = 2*r + 10. Let d = -4 - r. List the prime factors of d.
11
Let c(d) = d**3 + 7*d**2 - 3*d. List the prime factors of c(-7).
3, 7
Suppose -3*y + 23 - 2 = -4*f, 2*y + 4*f = -6. Let m be (-1*-1*y)/(-1). Let d = m + 9. List the prime factors of d.
2, 3
Let b = -184 - -223. What are the prime factors of b?
3, 13
Let u(l) = -l**3 - 15*l**2 - 14*l + 5. Let g be u(-14). Suppose 5*b + g*n - 34 = 4*b, 0 = 4*b - 4*n - 208. What are the prime factors of b?
7
Suppose -5*h + 11 + 4 = 0. Let s(f) = 3*f**2 - 2*f. List the prime factors of s(h).
3, 7
Let n = 127 + -57. Let k = -38 + n. What are the prime factors of k?
2
Let q(z) = -z + 1. Let n(s) = -2*s - 5. Let a(i) = -n(i) + q(i). Let m(p) = 4*p**2 - 3*p + 2. Let w be m(2). What are the prime factors of a(w)?
2, 3
Suppose 5*a = 15, -2*y - 4*a + 7*a - 1 = 0. Suppose -q =